{"id":24,"date":"2015-08-21T14:01:32","date_gmt":"2015-08-21T13:01:32","guid":{"rendered":"http:\/\/www.maclasse-srs.be\/?page_id=24"},"modified":"2026-03-18T21:35:22","modified_gmt":"2026-03-18T20:35:22","slug":"bienvenue-sur-la-site-de-notre-classe","status":"publish","type":"page","link":"https:\/\/www.maclasse-srs.be\/","title":{"rendered":"Bienvenue sur notre site !"},"content":{"rendered":"<p>Bienvenue sur le site des \u00e9l\u00e8ves du dernier cycle de l&rsquo;\u00e9cole fondamentale Saint-Remacle de STAVELOT. Petits reporters des activit\u00e9s de notre \u00e9cole !<\/p>\n<p>Notre site, c&rsquo;est :<\/p>\n<ul>\n<li>Un blog pour raconter nos projets et d\u00e9couvertes ;<\/li>\n<li>Des liens int\u00e9ressants ;<\/li>\n<\/ul>\n<p style=\"text-align: center;\"><a href=\"http:\/\/www.saintremaclestavelot.be\/\"><img loading=\"lazy\" decoding=\"async\" class=\"size-full wp-image-96 aligncenter\" src=\"http:\/\/www.maclasse-srs.be\/wp-content\/uploads\/2015\/08\/logo-srs.png\" alt=\"logo srs\" width=\"170\" height=\"140\" \/><\/a><\/p>\n\n\n<figure class=\"wp-block-image size-full\"><a href=\"http:\/\/www.maclasse-srs.be\/wp-content\/uploads\/2026\/03\/Capture-decran-2026-03-18-175041.png\"><img loading=\"lazy\" decoding=\"async\" width=\"615\" height=\"514\" src=\"http:\/\/www.maclasse-srs.be\/wp-content\/uploads\/2026\/03\/Capture-decran-2026-03-18-175041.png\" alt=\"\" class=\"wp-image-1635\" srcset=\"https:\/\/www.maclasse-srs.be\/wp-content\/uploads\/2026\/03\/Capture-decran-2026-03-18-175041.png 615w, https:\/\/www.maclasse-srs.be\/wp-content\/uploads\/2026\/03\/Capture-decran-2026-03-18-175041-300x251.png 300w\" sizes=\"auto, (max-width: 615px) 100vw, 615px\" \/><\/a><\/figure>\n\n\n\n<figure class=\"wp-block-image size-large\"><a href=\"http:\/\/www.maclasse-srs.be\/wp-content\/uploads\/2025\/05\/Concours-Soprano-Loiseau-de-nos-libertes-P5A-SRS.jpeg\"><img loading=\"lazy\" decoding=\"async\" width=\"1024\" height=\"731\" src=\"http:\/\/www.maclasse-srs.be\/wp-content\/uploads\/2025\/05\/Concours-Soprano-Loiseau-de-nos-libertes-P5A-SRS-1024x731.jpeg\" alt=\"\" class=\"wp-image-1622\" srcset=\"https:\/\/www.maclasse-srs.be\/wp-content\/uploads\/2025\/05\/Concours-Soprano-Loiseau-de-nos-libertes-P5A-SRS-1024x731.jpeg 1024w, https:\/\/www.maclasse-srs.be\/wp-content\/uploads\/2025\/05\/Concours-Soprano-Loiseau-de-nos-libertes-P5A-SRS-300x214.jpeg 300w, https:\/\/www.maclasse-srs.be\/wp-content\/uploads\/2025\/05\/Concours-Soprano-Loiseau-de-nos-libertes-P5A-SRS-768x548.jpeg 768w, https:\/\/www.maclasse-srs.be\/wp-content\/uploads\/2025\/05\/Concours-Soprano-Loiseau-de-nos-libertes-P5A-SRS-1536x1097.jpeg 1536w, https:\/\/www.maclasse-srs.be\/wp-content\/uploads\/2025\/05\/Concours-Soprano-Loiseau-de-nos-libertes-P5A-SRS-624x445.jpeg 624w, https:\/\/www.maclasse-srs.be\/wp-content\/uploads\/2025\/05\/Concours-Soprano-Loiseau-de-nos-libertes-P5A-SRS.jpeg 2048w\" sizes=\"auto, (max-width: 1024px) 100vw, 1024px\" \/><\/a><\/figure>\n\n\n\n<figure class=\"wp-block-image size-large\"><img loading=\"lazy\" decoding=\"async\" width=\"1024\" height=\"512\" src=\"http:\/\/www.maclasse-srs.be\/wp-content\/uploads\/2020\/04\/P1030699-1-1024x512.jpg\" alt=\"\" class=\"wp-image-1047\" srcset=\"https:\/\/www.maclasse-srs.be\/wp-content\/uploads\/2020\/04\/P1030699-1-1024x512.jpg 1024w, https:\/\/www.maclasse-srs.be\/wp-content\/uploads\/2020\/04\/P1030699-1-300x150.jpg 300w, https:\/\/www.maclasse-srs.be\/wp-content\/uploads\/2020\/04\/P1030699-1-768x384.jpg 768w, https:\/\/www.maclasse-srs.be\/wp-content\/uploads\/2020\/04\/P1030699-1-1536x768.jpg 1536w, https:\/\/www.maclasse-srs.be\/wp-content\/uploads\/2020\/04\/P1030699-1-624x312.jpg 624w, https:\/\/www.maclasse-srs.be\/wp-content\/uploads\/2020\/04\/P1030699-1.jpg 1767w\" sizes=\"auto, (max-width: 1024px) 100vw, 1024px\" \/><\/figure>\n\n\n\n<p>Notre BLOG sur le \u00ab\u00a0z\u00e9ro d\u00e9chet\u00a0\u00bb, c&rsquo;est ici ! D\u00e9couvrez-le en un seul clic !<\/p>\n\n\n\n<figure class=\"wp-block-image size-large\"><a href=\"http:\/\/www.maclasse-srs.be\/wp-content\/uploads\/2021\/05\/Capture-decran-2021-05-04-181709.png\"><img loading=\"lazy\" decoding=\"async\" width=\"1024\" height=\"550\" src=\"http:\/\/www.maclasse-srs.be\/wp-content\/uploads\/2021\/05\/Capture-decran-2021-05-04-181709-1024x550.png\" alt=\"\" class=\"wp-image-1205\" srcset=\"https:\/\/www.maclasse-srs.be\/wp-content\/uploads\/2021\/05\/Capture-decran-2021-05-04-181709-1024x550.png 1024w, https:\/\/www.maclasse-srs.be\/wp-content\/uploads\/2021\/05\/Capture-decran-2021-05-04-181709-300x161.png 300w, https:\/\/www.maclasse-srs.be\/wp-content\/uploads\/2021\/05\/Capture-decran-2021-05-04-181709-768x412.png 768w, https:\/\/www.maclasse-srs.be\/wp-content\/uploads\/2021\/05\/Capture-decran-2021-05-04-181709-1536x825.png 1536w, https:\/\/www.maclasse-srs.be\/wp-content\/uploads\/2021\/05\/Capture-decran-2021-05-04-181709-624x335.png 624w, https:\/\/www.maclasse-srs.be\/wp-content\/uploads\/2021\/05\/Capture-decran-2021-05-04-181709.png 1712w\" sizes=\"auto, (max-width: 1024px) 100vw, 1024px\" \/><\/a><\/figure>\n\n\n\n<p><\/p>\n","protected":false},"excerpt":{"rendered":"<p>Bienvenue sur le site des \u00e9l\u00e8ves du dernier cycle de l&rsquo;\u00e9cole fondamentale Saint-Remacle de STAVELOT. Petits reporters des activit\u00e9s de notre \u00e9cole ! Notre site, c&rsquo;est : Un blog pour raconter nos projets et d\u00e9couvertes ; Des liens int\u00e9ressants ; Notre BLOG sur le \u00ab\u00a0z\u00e9ro d\u00e9chet\u00a0\u00bb, c&rsquo;est ici ! D\u00e9couvrez-le en un seul clic !<\/p>\n","protected":false},"author":1,"featured_media":0,"parent":0,"menu_order":0,"comment_status":"closed","ping_status":"closed","template":"","meta":{"footnotes":""},"class_list":["post-24","page","type-page","status-publish","hentry"],"_links":{"self":[{"href":"https:\/\/www.maclasse-srs.be\/index.php?rest_route=\/wp\/v2\/pages\/24","targetHints":{"allow":["GET"]}}],"collection":[{"href":"https:\/\/www.maclasse-srs.be\/index.php?rest_route=\/wp\/v2\/pages"}],"about":[{"href":"https:\/\/www.maclasse-srs.be\/index.php?rest_route=\/wp\/v2\/types\/page"}],"author":[{"embeddable":true,"href":"https:\/\/www.maclasse-srs.be\/index.php?rest_route=\/wp\/v2\/users\/1"}],"replies":[{"embeddable":true,"href":"https:\/\/www.maclasse-srs.be\/index.php?rest_route=%2Fwp%2Fv2%2Fcomments&post=24"}],"version-history":[{"count":51,"href":"https:\/\/www.maclasse-srs.be\/index.php?rest_route=\/wp\/v2\/pages\/24\/revisions"}],"predecessor-version":[{"id":1643,"href":"https:\/\/www.maclasse-srs.be\/index.php?rest_route=\/wp\/v2\/pages\/24\/revisions\/1643"}],"wp:attachment":[{"href":"https:\/\/www.maclasse-srs.be\/index.php?rest_route=%2Fwp%2Fv2%2Fmedia&parent=24"}],"curies":[{"name":"wp","href":"https:\/\/api.w.org\/{rel}","templated":true}]}}